{"id":1514,"date":"2023-09-07T11:02:10","date_gmt":"2023-09-07T14:02:10","guid":{"rendered":"https:\/\/institutoceres.com.br\/?post_type=product&#038;p=1514"},"modified":"2025-11-21T07:18:27","modified_gmt":"2025-11-21T10:18:27","slug":"sommelier-de-cervejas-recife-pagamento-a-vista","status":"publish","type":"product","link":"https:\/\/institutoceres.com.br\/index.php\/product\/sommelier-de-cervejas-recife-pagamento-a-vista\/","title":{"rendered":"Sommelier de Cervejas Recife &#8211; pagamento \u00e0 vista"},"content":{"rendered":"<p style=\"text-align: center;\"><strong style=\"font-size: 17.6px;\">INSCRI\u00c7\u00d5ES AT\u00c9 30 DE MAIO DE 2026!!!<\/strong><\/p>\n<p>O curso \u00e9 um mergulho na cerveja. N\u00e3o importa se voc\u00ea \u00e9 amante da cerveja ou profissional, a gente vai te guiar. Voc\u00ea ter\u00e1 uma forma\u00e7\u00e3o atrav\u00e9s do Instituto Ceres com chancela e certifica\u00e7\u00e3o do Servi\u00e7o Nacional de Aprendizagem Comercial (SENAC-PE).<\/p>\n<p><strong>CARGA HOR\u00c1RIA:<\/strong> 80 HORAS<\/p>\n<p><strong>IN\u00cdCIO DAS AULAS:<\/strong> JULHO 2026<\/p>\n<p><strong>INVESTIMENTO:<\/strong> R$ 5.800 no cart\u00e3o ou boleto (AT\u00c9 6 PARCELAS NO BOLETO)<\/p>\n<p>R$ 5.220,00 para pagamento \u00e0 vista (PIX)<\/p>\n<p>As aulas ser\u00e3o presenciais e acontecer\u00e3o nas sextas (18:00 \u00e0s 22:00) e nos s\u00e1bados (8:30 \u00e0s 17:30) com intervalos de aproximadamente 3 semanas (5 encontros). Teremos 8 horas de aulas online. Em breve o calend\u00e1rio estar\u00e1 dispon\u00edvel*.<\/p>\n<p>&nbsp;<\/p>\n<ul>\n<li>O sommelier estar\u00e1 apto a atuar em cervejarias, lojas, bares, distribuidoras e restaurantes, a partir do desenvolvimento das compet\u00eancias:<\/li>\n<li>Desenvolver novos produtos<\/li>\n<li>Avaliar perfil sensorial de cervejas<\/li>\n<li>Sugerir harmoniza\u00e7\u00f5es<\/li>\n<li>Criar cartas de cervejas<\/li>\n<li>Guiar eventos de degusta\u00e7\u00e3o e curadoria de eventos<\/li>\n<li>Servir os clientes de acordo com as diretrizes comportamentais e t\u00e9cnicas<\/li>\n<li>Treinar equipes de brigada<\/li>\n<li>Atrair novos consumidores e estimular o consumo respons\u00e1vel<\/li>\n<li>Realizar controle de estoque e proporcionar ambiente adequado de armazenamento dos produtos<\/li>\n<li>Fomentar e disseminar a cultura cervejeira<\/li>\n<\/ul>\n<p>Ementa do curso:<\/p>\n<ul>\n<li>\u00c9tica e a profiss\u00e3o sommelieria<\/li>\n<li>Diversidade e Inclus\u00e3o<\/li>\n<li>Mercado cervejeiro<\/li>\n<li>Hist\u00f3ria<\/li>\n<li>Sa\u00fade e Cerveja<\/li>\n<li>Legisla\u00e7\u00e3o<\/li>\n<li>T\u00e9cnicas de avalia\u00e7\u00e3o sensorial<\/li>\n<li>Mat\u00e9ria-prima<\/li>\n<li>Produ\u00e7\u00e3o<\/li>\n<li>Estabilidade da cerveja<\/li>\n<li>Guia de estilos e concursos<\/li>\n<li>Escolas Cervejeiras (alem\u00e3, belga, brit\u00e2nica e americana)<\/li>\n<li>Mixologia<\/li>\n<li>Intera\u00e7\u00e3o entre bebidas<\/li>\n<li>Glassware<\/li>\n<li>Gest\u00e3o de Bar<\/li>\n<li>Vendas, servi\u00e7o, atendimento e treinamento<\/li>\n<li>Carta de cerveja<\/li>\n<li>Marketing<\/li>\n<li>Eventos e turismo cervejeiro<\/li>\n<li>T\u00e9cnicas de harmoniza\u00e7\u00e3o<\/li>\n<li>Harmoniza\u00e7\u00e3o com chocolate, sobremesa, petiscos, embutidos e queijos<\/li>\n<li>Cuisine \u00e0 la bi\u00e8re<\/li>\n<li>Off flavor<\/li>\n<li>Chopp<\/li>\n<\/ul>\n<p>&nbsp;<\/p>\n<p>* A data das aulas poder\u00e1 sofrer alguma modifica\u00e7\u00e3o de acordo com a agenda dos professores. Os alunos sempre s\u00e3o comunicados com anteced\u00eancia.<\/p>\n<p>**Para certifica\u00e7\u00e3o, aluno necessita passar nas avalia\u00e7\u00f5es realizadas no curso e ter, no m\u00ednimo, 75% de presen\u00e7a.<\/p>\n<p>A desist\u00eancia do (a) ALUNO (A), ap\u00f3s a efetiva\u00e7\u00e3o da matr\u00edcula e at\u00e9 30 (trinta) dias antes do in\u00edcio do curso, lhe d\u00e1 a devolu\u00e7\u00e3o de 50% (cinquenta por cento) do valor do curso (considerando o valor j\u00e1 pago). Em caso de desist\u00eancia do(a) ALUNO (A) ap\u00f3s o prazo citado, n\u00e3o haver\u00e1 a devolu\u00e7\u00e3o do valor pago. Se o aluno desistir e as parcelas ainda n\u00e3o tiverem sido pagas, deve arcar com 70% do valor TOTAL do curso. Para todos os fins, a desist\u00eancia do(a) ALUNO (A) dever\u00e1 ser requerida por escrito, assinada com firma reconhecida e endere\u00e7ada \u00e0 sede do CONTRATADO. Ap\u00f3s a desist\u00eancia formal do(a) ALUNO (A), o acesso ao curso ser\u00e1 inabilitado<\/p>\n","protected":false},"excerpt":{"rendered":"<p>Curso Sommelier de Cervejas com dura\u00e7\u00e3o de 100 horas e 100 r\u00f3tulos de cerveja a serem degustados<\/p>\n","protected":false},"featured_media":1790,"comment_status":"open","ping_status":"closed","template":"","meta":{"_uag_custom_page_level_css":"","site-sidebar-layout":"default","site-content-layout":"default","ast-site-content-layout":"default","site-content-style":"default","site-sidebar-style":"default","ast-global-header-display":"","ast-banner-title-visibility":"","ast-main-header-display":"","ast-hfb-above-header-display":"","ast-hfb-below-header-display":"","ast-hfb-mobile-header-display":"","site-post-title":"","ast-breadcrumbs-content":"","ast-featured-img":"","footer-sml-layout":"","ast-disable-related-posts":"","theme-transparent-header-meta":"default","adv-header-id-meta":"","stick-header-meta":"","header-above-stick-meta":"","header-main-stick-meta":"","header-below-stick-meta":"","astra-migrate-meta-layouts":"set","ast-page-background-enabled":"default","ast-page-background-meta":{"desktop":{"background-color":"var(--ast-global-color-4)","background-image":"","background-repeat":"repeat","background-position":"center center","background-size":"auto","background-attachment":"scroll","background-type":"","background-media":"","overlay-type":"","overlay-color":"","overlay-opacity":"","overlay-gradient":""},"tablet":{"background-color":"","background-image":"","background-repeat":"repeat","background-position":"center center","background-size":"auto","background-attachment":"scroll","background-type":"","background-media":"","overlay-type":"","overlay-color":"","overlay-opacity":"","overlay-gradient":""},"mobile":{"background-color":"","background-image":"","background-repeat":"repeat","background-position":"center center","background-size":"auto","background-attachment":"scroll","background-type":"","background-media":"","overlay-type":"","overlay-color":"","overlay-opacity":"","overlay-gradient":""}},"ast-content-background-meta":{"desktop":{"background-color":"var(--ast-global-color-5)","background-image":"","background-repeat":"repeat","background-position":"center center","background-size":"auto","background-attachment":"scroll","background-type":"","background-media":"","overlay-type":"","overlay-color":"","overlay-opacity":"","overlay-gradient":""},"tablet":{"background-color":"var(--ast-global-color-5)","background-image":"","background-repeat":"repeat","background-position":"center center","background-size":"auto","background-attachment":"scroll","background-type":"","background-media":"","overlay-type":"","overlay-color":"","overlay-opacity":"","overlay-gradient":""},"mobile":{"background-color":"var(--ast-global-color-5)","background-image":"","background-repeat":"repeat","background-position":"center center","background-size":"auto","background-attachment":"scroll","background-type":"","background-media":"","overlay-type":"","overlay-color":"","overlay-opacity":"","overlay-gradient":""}}},"product_brand":[],"product_cat":[15],"product_tag":[],"class_list":{"0":"post-1514","1":"product","2":"type-product","3":"status-publish","4":"has-post-thumbnail","6":"product_cat-uncategorized","7":"desktop-align-center","8":"tablet-align-left","9":"mobile-align-left","11":"first","12":"instock","13":"purchasable","14":"product-type-simple"},"uagb_featured_image_src":{"full":["https:\/\/institutoceres.com.br\/wp-content\/uploads\/2023\/09\/sommelier.jpg",1080,1350,false],"thumbnail":["https:\/\/institutoceres.com.br\/wp-content\/uploads\/2023\/09\/sommelier-150x150.jpg",150,150,true],"medium":["https:\/\/institutoceres.com.br\/wp-content\/uploads\/2023\/09\/sommelier-240x300.jpg",240,300,true],"medium_large":["https:\/\/institutoceres.com.br\/wp-content\/uploads\/2023\/09\/sommelier-768x960.jpg",768,960,true],"large":["https:\/\/institutoceres.com.br\/wp-content\/uploads\/2023\/09\/sommelier-819x1024.jpg",819,1024,true],"1536x1536":["https:\/\/institutoceres.com.br\/wp-content\/uploads\/2023\/09\/sommelier.jpg",1080,1350,false],"2048x2048":["https:\/\/institutoceres.com.br\/wp-content\/uploads\/2023\/09\/sommelier.jpg",1080,1350,false],"woocommerce_thumbnail":["https:\/\/institutoceres.com.br\/wp-content\/uploads\/2023\/09\/sommelier-300x300.jpg",300,300,true],"woocommerce_single":["https:\/\/institutoceres.com.br\/wp-content\/uploads\/2023\/09\/sommelier-600x750.jpg",600,750,true],"woocommerce_gallery_thumbnail":["https:\/\/institutoceres.com.br\/wp-content\/uploads\/2023\/09\/sommelier-100x100.jpg",100,100,true],"variation_swatches_image_size":["https:\/\/institutoceres.com.br\/wp-content\/uploads\/2023\/09\/sommelier-50x50.jpg",50,50,true],"variation_swatches_tooltip_size":["https:\/\/institutoceres.com.br\/wp-content\/uploads\/2023\/09\/sommelier-100x100.jpg",100,100,true]},"uagb_author_info":{"display_name":"institutoceres.com.br","author_link":"https:\/\/institutoceres.com.br\/index.php\/author\/"},"uagb_comment_info":0,"uagb_excerpt":"Curso Sommelier de Cervejas com dura\u00e7\u00e3o de 100 horas e 100 r\u00f3tulos de cerveja a serem degustados","_links":{"self":[{"href":"https:\/\/institutoceres.com.br\/index.php\/wp-json\/wp\/v2\/product\/1514","targetHints":{"allow":["GET"]}}],"collection":[{"href":"https:\/\/institutoceres.com.br\/index.php\/wp-json\/wp\/v2\/product"}],"about":[{"href":"https:\/\/institutoceres.com.br\/index.php\/wp-json\/wp\/v2\/types\/product"}],"replies":[{"embeddable":true,"href":"https:\/\/institutoceres.com.br\/index.php\/wp-json\/wp\/v2\/comments?post=1514"}],"wp:featuredmedia":[{"embeddable":true,"href":"https:\/\/institutoceres.com.br\/index.php\/wp-json\/wp\/v2\/media\/1790"}],"wp:attachment":[{"href":"https:\/\/institutoceres.com.br\/index.php\/wp-json\/wp\/v2\/media?parent=1514"}],"wp:term":[{"taxonomy":"product_brand","embeddable":true,"href":"https:\/\/institutoceres.com.br\/index.php\/wp-json\/wp\/v2\/product_brand?post=1514"},{"taxonomy":"product_cat","embeddable":true,"href":"https:\/\/institutoceres.com.br\/index.php\/wp-json\/wp\/v2\/product_cat?post=1514"},{"taxonomy":"product_tag","embeddable":true,"href":"https:\/\/institutoceres.com.br\/index.php\/wp-json\/wp\/v2\/product_tag?post=1514"}],"curies":[{"name":"wp","href":"https:\/\/api.w.org\/{rel}","templated":true}]}}